 b(o).
-10
Let u(x) = -6*x**3 + 7*x**3 + x**2 + 2*x + 6 + 3 + 0. Calculate u(0).
9
Let b(c) = 4*c**3 - 2*c**2 - c. Let n be (-1*3 - -1) + 236/236. Determine b(n).
-5
Let a(w) = 14*w**2 - 44*w + 13. Let o(g) = 6*g**2 - 21*g + 7. Let d(m) = -4*a(m) + 9*o(m). Calculate d(-7).
4
Let t(p) = -11*p**3 - 26*p**2 - 8*p + 29. Let k(c) = 4*c**3 + 9*c**2 + 3*c - 10. Let x(f) = -17*k(f) - 6*t(f). Give x(3).
-40
Let r(v) = -11 - 2 - v**3 + 16*v - 10*v**2 - 27*v + 0*v**3. Calculate r(-9).
5
Let x = 308 - 314. Let j(y) = -y**2 - 11*y - 3. Give j(x).
27
Let k(q) be the first derivative of q**4/12 - q**3/6 - 2*q**2 + 2*q - 5. Let d(a) be the first derivative of k(a). Calculate d(3).
2
Let j(d) = d**3 - d**2 + 2*d - 3. Suppose 5*o = -8 - 2, 0 = -3*n - 3*o. Suppose k + 9 + 11 = 4*r, n*k = 4*r - 20. Let v be 2/(-4)*(-4 + k). Determine j(v).
5
Let z(x) = 2*x - 6 + 32*x**2 + 0 - 31*x**2 + x. Let k(d) = d**3 - 2*d**2 - d - 4. Let u be k(3). Suppose 2*o - 2*v = 0, 3*o + 5*v + 50 = -u*o. Determine z(o).
4
Suppose x - 2*x + 5 = 0. Let b(w) = 2*w + 3. Let p(i) = 11*i + 17. Let v(t) = -6*b(t) + p(t). What is v(x)?
-6
Let d be (6/4 + 0)*2. Let z(s) = -3*s**2 + 3*s + 1. Let o(x) = -2*x**2 + 2*x. Let i(j) = 5*o(j) - 4*z(j). Give i(d).
8
Let b(n) be the third derivative of 7*n**5/60 + n**4/12 - n**3/6 - 242*n**2. What is b(1)?
8
Suppose -6*l = 20*l - 104. Let h(r) = 0 + 1 + 3*r - 2. Calculate h(l).
11
Let y(c) be the second derivative of -c**3/3 - 3*c**2 + c. What is y(-4)?
2
Let t(c) be the third derivative of c**4/12 + c**3/6 + 132*c**2. Let x(k) = k**2 - 9*k - 8. Let z be x(10). What is t(z)?
5
Let y(a) = -a**2 + 13*a + 3. Let s(l) = l**3 + l**2 + l - 1. Let m be s(2). Give y(m).
3
Let d be (-33)/77 - (-38)/7. Suppose -23 = -2*v - 0*v + d*y, 0 = v + 4*y + 21. Let r(i) = -4*i**3 + i. What is r(v)?
3
Let a(i) = i + 6. Let j be a(0). Let t(m) be the second derivative of -7/2*m**2 + m + 0 + 1/6*m**3. Calculate t(j).
-1
Let r = -1828 + 1821. Let a(z) = z**2 + 6*z + 9. Calculate a(r).
16
Let c(s) = 80*s - 1204. Let g be c(15). Let x(y) = y**3 - y**2 - 6*y - 6. What is x(g)?
-62
Let c be (2 + 1 - 6)*1/(-1). Suppose c + 17 = -5*k. Let t(q) be the second derivative of -q**5/20 - 5*q**4/12 - 5*q**3/6 - q**2 + 2*q. Give t(k).
2
Let q(f) be the second derivative of f**5/20 + f**4/6 - f**3/2 + 9*f. Let j be q(-3). Let x(t) = t**3 - t**2 - t - 2. Give x(j).
-2
Let b(u) be the first derivative of -u**4/4 + 10*u**3/3 + 3*u**2/2 - 29. Calculate b(10).
30
Let w(a) = 8 + 2*a**2 - 4 - 1298*a + 1294*a. Give w(2).
4
Let j = -1170 - -1174. Let x(t) be the third derivative of 0*t**3 + 0*t + 0 - 11*t**2 + 1/24*t**j. What is x(-6)?
-6
Let c(n) = -n - 1. Let v(r) = 2*r**2 + 2*r + 1. Let u(z) = 3*z**2 + 2*z + 1. Let k(j) = -3*u(j) + 4*v(j). Let l be k(2). Give c(l).
-2
Let d(j) = -j + 1. Suppose -3*n + 9 = 3. Let a(i) = -i**2 + 10*i - 6. Let o(p) = n*d(p) + a(p). Determine o(7).
3
Let u = 41 + -19. Let c = u + -22. Let s(g) be the first derivative of -g**3/3 + g**2/2 - 12*g + 13. What is s(c)?
-12
Let h(c) = 2*c**2 - 2*c + 1. Suppose 0 = 3*w - 2*m - 3, 2*w + 0*w = 3*m - 3. Suppose -4*v + 8 = -w*g, 4*v + 0*g - 8 = -2*g. Determine h(v).
5
Suppose 0 = -6*o + 3*o + 2*s + 286 - 274, 0 = 3*s. Let r(q) = -q**2 + 4*q - 8. Let k(y) = y**2 - 4*y + 7. Let n(h) = -7*k(h) - 6*r(h). Determine n(o).
-1
Let b be (1 + -3)/(1/2). Let j be 21/b - (-2)/8. Let n(o) = 2*o + 1. Let v(h) = -4*h - 3. Let i(q) = -7*n(q) - 4*v(q). What is i(j)?
-5
Let p(a) be the third derivative of a**6/120 + 3*a**5/20 - a**4/12 - 11*a**3/6 + 118*a**2 - 3. What is p(-9)?
7
Let i(g) = g - 2. Let k be i(1). Let h(c) = 2*c + 9*c - 5*c - 3*c. Calculate h(k).
-3
Suppose -30 = -4*q - 14. Let x(i) = -5*i + 6. Give x(q).
-14
Let j be (2/(-5))/(18/(-135)). Let z(a) = -21*a**3 + 1 - 18*a**3 + 38*a**j + 8*a**2. Calculate z(8).
1
Let t(l) = -10*l + 2 + 29*l - 7*l - 9*l. Give t(1).
5
Let f(r) = -2*r**2 - 36*r - 20. Suppose 7*x = 4*x + a - 50, 3*a + 12 = 0. What is f(x)?
-20
Let w = 2752 + -2741. Let h(k) = -k**3 + 11*k**2 - 2*k + 4. Give h(w).
-18
Let i(g) = 14*g - 47. Let t be i(3). Let h(u) = -4*u - 3 + 2 - 3 - u**2. Give h(t).
-9
Let w(q) = 3*q + 6. Let g be -2*(1 - 3)*-1. Let n(y) = y**2 + 2*y - 9. Let l be n(g). Let h(t) = 4*t**3 - t**2 - t. Let i be h(l). Give w(i).
-6
Let f(k) = 4*k - 15. Let w(r) = -6*r**3 - r**2 - 14*r - 12. Let q be w(-1). Give f(q).
13
Let o(b) = 4*b**2 - 2*b + 1. Let x(n) = -2*n**2 - 22*n + 25. Let r be x(-12). Calculate o(r).
3
Let g = -70 + 65. Let h(i) be the third derivative of i**5/60 + 5*i**4/24 - 5*i**3/6 + 16*i**2. Give h(g).
-5
Let y(m) = m**2 - 12*m + 37. Let p be (87/58)/(6/32). What is y(p)?
5
Let h(j) = -2*j. Let c = -87 + 91. Suppose 13*b + c*w = 8*b + 20, -w = 0. Determine h(b).
-8
Let d(m) = m**3 - 5*m**2 + 2*m - 1. Suppose 43 - 53 = -2*a. Give d(a).
9
Let k(w) = 2*w - 3. Let x(z) = -z**2 - 4*z + 14. Let t be x(-6). What is k(t)?
1
Suppose 3*b + 6 + 3 = 0. Let f(p) = -4*p - 3*p + 3*p**2 + 1 + 5*p - 4*p**2. Give f(b).
-2
Let g(y) be the second derivative of y**6/120 - y**5/6 - y**4/24 + 2*y**3/3 + 11*y**2 + 20*y. Let q(k) be the first derivative of g(k). What is q(10)?
-6
Let j(a) = a**2 - 3*a - 22. Let f be j(7). Let q(t) = -2*t + 4 - f + 1 - 1. Determine q(-3).
4
Let t(a) = -a**3 - 4*a**2 - 3*a - 3. Let d = 359 + -363. Calculate t(d).
9
Let h(q) = -3*q + 2. Let n = 5 - 2. Suppose -2*u - 5 = n*u. Let f = u + 3. Give h(f).
-4
Let a(w) = w**2 + 4*w - 3. Let i be a(-4). Let s(g) be the third derivative of g**6/120 + g**5/12 + g**4/12 + 2*g**3/3 - 241*g**2. Give s(i).
16
Suppose 0*j = -2*j + 16. Let b = -6 + j. Let u(p) = -3*p**2 - 2 - 4*p - p**3 + 2*p**2 - 3*p**b. What is u(-3)?
1
Let f(t) be the first derivative of 0*t**2 - 1/4*t**4 + 14 + 0*t - 4/3*t**3. Give f(-4).
0
Let h(t) = -t**2 - 16*t + 4. Suppose -1811 + 1779 = 2*k. Give h(k).
4
Let r(n) = 6 - 5*n + 5*n**2 - 5 + 1. Let a(s) = -6*s**2 + 5*s - 2. Let k be (-174)/(-30) + (-8)/10. Let b(q) = k*r(q) + 4*a(q). What is b(2)?
-4
Let r be (1 + -1)/(16/16). Let b(c) = 7 + r*c**3 - 5*c - 5*c**3 + 4*c**2 + 4*c**3 - 4. Calculate b(3).
-3
Let r(b) = 10*b - 58. Let q be r(7). Suppose -19 + 7 = -3*y + 2*p, -4*p - q = 0. Let h(k) = 10*k - 3. Calculate h(y).
17
Suppose -664 = 5*c + 116. Let w be 4/(-6) - c/(-36). Let p(l) = l**2 - l + 1. Let n(i) = -i**3 - 8*i**2 - 3*i - 7. Let j(a) = n(a) + 2*p(a). Calculate j(w).
-5
Let d(j) be the second derivative of j**4/12 - 2*j**3/3 - 3*j**2/2 - 3*j. Suppose -2*g = -11 - 3. Suppose -4*b = -g*b + 12. What is d(b)?
-3
Suppose -24 = 4*r - 3*r. Let g be r/30 + (-34)/(-5). Let a(l) = -l**2 + 9*l - 8. Determine a(g).
10
Suppose -4*j = -8, -18*j + 2 = -2*u - 14*j. Let y(b) be the third derivative of -4/3*b**u + 0 + 0*b + 9*b**2 + 1/24*b**4. What is y(6)?
-2
Let m = 1049 - 1041. Let d(v) = -v + 19. What is d(m)?
11
Let m(x) be the first derivative of -x**7/840 - x**6/72 + x**5/120 - x**3 + 5. Let j(v) be the third derivative of m(v). Let c = -48 + 43. Calculate j(c).
-5
Let i(r) be the second derivative of -r**3/6 + 5*r**2/2 - 66*r. What is i(0)?
5
Let k = 3 + 1. Let q(w) be the third derivative of -1/60*w**5 + 1/3*w**3 + 0*w + 5/24*w**4 - 2*w**2 + 0. Determine q(k).
6
Let o(b) = -5*b**3 - 10*b**2 + 42*b + 11. Let c(g) = g**3 + 3*g**2 - 10*g - 3. Let v(y) = 9*c(y) + 2*o(y). Determine v(6).
-5
Let j(b) = -b**3 + 3*b**2 + 12*b - 6. Let u be j(5). Let o = 12 - 7. Suppose -o*l + 3*q = 9, -u*l + 3*q = -2*l. Let d(x) = -x**3 - 3*x**2 - 2*x - 4. Give d(l).
2
Let y(u) be the second derivative of u**4/12 + 4*u**3/3 + 8*u**2 - 6*u. Let i be y(-8). Let t = i + -21. Let j(o) = o + 6. Give j(t).
1
Let f(d) = -d - 6. Let n(x) = x**2 - 5*x - 66. Let z be n(11). What is f(z)?
-6
Let q be 39/390 + 4/(-240). Let a(h) be the second derivative of q*h**4 + 0*h**3 - 10*h + 1/20*h**5 + 0 - 1/2*h**2. Determine a(1).
1
Let n(j) = 22*j**3 - j + 1. Suppose 12*o - 6*o = 240. Let f = -39 + o. What is n(f)?
22
Let d(t) be the first derivative of -1/60*t**5 + 0*t + 7 + 1/2*t**3 + 7/2*t**2 - 1/12*t**4. Let l(f) be the second derivative of d(f). Give l(-4).
-5
Let o(t) = -3*t - 2. Suppose -4*n - n = -4*g, 4*n - 2*g = -6. Calculate o(n).
10
Let m be (-1 - 0)*6/1. Suppose -y + 25 = 4*y. Let b(k) = 14*k - 23*k + 15*k + k**2 + y. Determine b(m).
5
Let z(s) = s**3 - 9*s**